 40608. What is c(175)?
-8
Let v(w) = 432*w - 6321. Calculate v(12).
-1137
Let l(w) = w**3 - 24*w**2 - 2653*w - 811. What is l(65)?
-31
Let n(c) = 12*c**3 + 311*c**2 - 6*c + 503. Determine n(-26).
-17
Let c(a) = 49*a**2 - 3511*a - 14027. Calculate c(-4).
801
Let m(o) = -5*o**2 - 382068*o - 764139. Determine m(-2).
-23
Let j(s) = -210*s + 38915. What is j(184)?
275
Let h(n) = -6*n**2 - 8747*n - 34974. Determine h(-4).
-82
Let q(f) = -7*f**2 - 82*f - 633. What is q(-6)?
-393
Let j(c) = 23*c**2 + 7545*c - 53941. Calculate j(7).
1
Let j(p) = -6*p**3 - 161*p**2 + 123*p + 2566. Determine j(-27).
-26
Let j(g) = -303*g**2 - 914*g - 10. Determine j(-3).
5
Let k(m) = -2*m**3 + 231*m**2 - 96*m - 2160. Give k(115).
25
Let z(v) = v**3 + 20*v**2 - 5*v + 563. Calculate z(-21).
227
Let z(g) = 284*g**2 - 36117*g + 36118. Give z(1).
285
Let k(p) = 12*p**2 + 2528*p - 30185. Give k(-222).
7
Let m(x) = -69*x - 27. Give m(9).
-648
Let s(k) = 540*k + 62013. What is s(-115)?
-87
Let a(w) = 11*w**2 + 5346*w + 10661. Calculate a(-484).
13
Let l(m) = m**3 + 323*m**2 + 1591*m + 1193. Calculate l(-318).
875
Let p(y) = 3*y**2 - 53732*y + 376053. Determine p(7).
76
Let q(k) = 136*k + 466. What is q(-5)?
-214
Let k(n) = -9899*n + 246983. Calculate k(25).
-492
Let m(c) = 27*c**3 + 2966*c**2 + 16431*c - 90. What is m(-104)?
14
Let x(t) = t**3 - 156*t**2 - 2541*t + 47. What is x(-14)?
2301
Let s(f) = f**3 + 73*f**2 + 828*f - 8864. Determine s(-55).
46
Let l(j) = -955*j - 6093. Give l(-7).
592
Let m(s) = -8*s**2 - 16904*s + 324059. Give m(19).
-5
Let u(c) = 4*c**3 + 87*c - 191. Calculate u(2).
15
Let f(i) = 14*i**3 - 189*i**2 + 33*i - 48. Determine f(14).
1786
Let i(x) = 5*x**2 - 2562*x - 638926. What is i(696)?
2
Let t(r) = -8093*r - 131801. What is t(-16)?
-2313
Let q(w) = 13*w**2 - 101*w - 795. Calculate q(-6).
279
Let f(w) = 3*w**3 - 14*w**2 - 9*w + 390. Calculate f(-4).
10
Let g(h) = 23*h**3 - 2*h**2 - 100*h + 478. Calculate g(5).
2803
Let o(x) = -1522*x - 4078. Determine o(-3).
488
Let j(b) = b**2 - 464*b - 121796. Calculate j(-187).
-59
Let s(q) = q**3 + 394*q**2 - 110187*q - 14. Give s(189).
-14
Let d(b) = -6855*b + 27450. What is d(4)?
30
Let t(q) = -18346*q - 91583. Calculate t(-5).
147
Let x(q) = q**3 - 6*q**2 - 47*q + 71. What is x(10)?
1
Let q(r) = 3*r**3 - 24*r**2 + 788*r - 6334. Give q(8).
-30
Let o(v) = 3*v**3 + 748*v**2 + 235*v - 3692. Give o(-249).
-206
Let n(w) = -2*w**3 + 97*w**2 - 134*w + 831. Calculate n(47).
1160
Let j(k) = 48844*k + 48871. Calculate j(-1).
27
Let f(u) = 6*u - 865. Determine f(-1).
-871
Let o(c) = -895*c - 14795. Give o(-19).
2210
Let x(g) = -976*g + 53288. What is x(52)?
2536
Let u(l) = -2*l**2 + 527*l + 8044. Determine u(-15).
-311
Let j(t) = 4633*t - 175635. Give j(38).
419
Let s(j) = 19*j**3 - 17*j**2 - 51*j + 3. Calculate s(-3).
-510
Let i(z) = -3*z**2 - 679*z - 6502. Calculate i(-10).
-12
Let t(p) = 2*p**3 - 15*p**2 + 683*p - 3817. What is t(6)?
173
Let a(q) = -558491*q - 3350940. Give a(-6).
6
Let k(q) = -2*q**3 + 84*q**2 + 783*q + 118. Give k(50).
-732
Let z(n) = -n**2 + 61572*n + 1231863. Calculate z(-20).
23
Let u(k) = -7431*k - 260. Determine u(0).
-260
Let j(p) = 173*p + 1534. Determine j(6).
2572
Let y(b) = b**2 + 192*b - 13701. Determine y(-232).
-4421
Let v(l) = 2343*l + 253066. Give v(-108).
22
Let v(d) = -7345*d + 22031. Give v(3).
-4
Let n(u) = -25*u**2 + 577*u + 1875. Calculate n(26).
-23
Let r(k) = -k**3 - 41*k**2 - 5914*k - 234974. Calculate r(-40).
-14
Let l(j) = 8072*j - 72880. Determine l(9).
-232
Let n(b) = -27123*b + 81181. Calculate n(3).
-188
Let r(n) = 1794*n + 42682. Determine r(-23).
1420
Let k(h) = 4*h**2 + 162*h + 1612. Give k(-25).
62
Let f(y) = y**3 - 19*y**2 - y + 21. Give f(19).
2
Let r(g) = g**2 + 151*g - 1550. Give r(12).
406
Let p(w) = 85110*w - 3489477. Calculate p(41).
33
Let x(r) = 2203*r**2 - 2229*r + 4. Give x(1).
-22
Let f(m) = -2*m**3 + 58*m**2 + 6*m - 173. Give f(30).
-1793
Let g(n) = 3*n**3 + n**2 - 1373*n - 6812. Calculate g(-5).
-297
Let l(h) = h**3 - 24*h**2 + 129*h - 773. Determine l(15).
-863
Let t(z) = 3629*z - 707648. Calculate t(195).
7
Let l(x) = 5*x**2 + 440*x - 606. Determine l(-89).
-161
Let s(a) = 52*a**2 + 45*a - 44. Calculate s(0).
-44
Let j(g) = 4457*g + 895857. Calculate j(-201).
0
Let q(i) = 12*i**2 + 175*i + 4. What is q(-10)?
-546
Let z(r) = -141*r**2 + 24*r - 50. Determine z(3).
-1247
Let c(h) = -10*h**3 + 120*h**2 + 2381*h - 28586. What is c(12)?
-14
Let x(u) = 2*u**3 + 570*u**2 - 43026*u - 129. Determine x(62).
-5
Let t(u) = -u**3 - 34*u**2 - 106*u - 470. Give t(-31).
-67
Let l(r) = -198817*r - 1789275. Give l(-9).
78
Let i(f) = -f**2 + 9166*f + 20585705. Give i(-1866).
-7
Let v(y) = 1621*y - 113471. Determine v(70).
-1
Let l(f) = 951*f + 5355. What is l(-4)?
1551
Let x(c) = c**2 - 15*c - 7666. Determine x(-80).
-66
Let f(d) = 454*d - 1929. Calculate f(-1).
-2383
Let x(h) = 2*h**2 + 111*h - 3838. Give x(-78).
-328
Let d(a) = 8*a**2 - 1244*a + 636. Determine d(155).
16
Let s(q) = 165*q - 5326. Determine s(27).
-871
Let h(v) = -904*v**2 + 7445*v - 1680. Give h(8).
24
Let d(j) = 10033*j - 190553. Determine d(19).
74
Let u(p) = 139*p**3 - 32*p**2 + 127*p - 126. Determine u(1).
108
Let j(z) = -11*z**2 - 97465*z - 681715. What is j(-7)?
1
Let o(g) = -60*g**3 - 12782*g**2 - 429*g - 425. Give o(-213).
214
Let s(n) = -30*n**2 - 307*n - 1197. Determine s(-4).
-449
Let q(i) = -i**2 - 66*i - 161. Give q(-63).
28
Let x(t) = -2585*t - 423943. Determine x(-164).
-3
Let f(g) = -207*g - 7643. What is f(-38)?
223
Let m(a) = 440895*a - 1763539. Calculate m(4).
41
Let m(d) = -10*d**2 - 1311*d - 14417. Determine m(-119).
-18
Let u(p) = 16*p**2 + 1739*p - 51704. Give u(-133).
33
Let o(y) = -y**3 + 16*y**2 + 5*y + 265. Calculate o(17).
61
Let j(d) = -378588*d - 1135764. Calculate j(-3).
0
Let n(r) = -5*r**3 + 148*r**2 - 379*r - 18. Give n(3).
42
Let s(w) = -w**3 - 328*w**2 - 2862*w + 3497. Calculate s(-319).
626
Let v(b) = -1945*b - 319357. What is v(-164)?
-377
Let f(n) = -1068*n**2 + 155*n - 5. What is f(2)?
-3967
Let f(w) = w**3 + 186*w**2 + 3893*w + 807. Calculate f(-162).
-3
Let h(u) = 143*u**2 + 412*u - 411. Determine h(1).
144
Let t(g) = -521*g - 3957. Determine t(-8).
211
Let y(h) = 10*h**2 - 1998*h + 16741. What is y(191)?
-67
Let j(m) = 43635*m + 523723. Determine j(-12).
103
Let s(x) = -19241*x - 230898. Give s(-12).
-6
Let r(w) = w**2 + 2691*w + 29533. What is r(-11)?
53
Let t(a) = a**3 - 4*a**2 - 249*a + 1350. What is t(14)?
-176
Let s(r) = -82*r**2 + 3667*r + 1046. Determine s(45).
11
Let x(v) = -6996*v - 958425. Calculate x(-137).
27
Let n(u) = 266*u**3 + 8513*u**2 - 3*u - 225. Give n(-32).
895
Let l(v) = 1913*v - 520328. Calculate l(272).
8
Let g(j) = 4*j**3 + 733*j**2 + 1620*j - 1186. Give g(-181).
443
Let f(b) = 3*b**3 + 409*b**2 - 295*b - 2875. What is f(-137)?
2
Let d(c) = 132627*c - 397877. Calculate d(3).
4
Let o(s) = 98924*s - 4352590. Calculate o(44).
66
Let g(p) = 20*p**2 + 195*p - 1621. Give g(-15).
-46
Let g(c) = -c**3 - 2*c**2 + 85*c - 143. What is g(10)?
-493
Let w(t) = 4*t**3 - 366*t**2 + 169*t + 1081. What is w(91)?
-102
Let h(m) = -129*m**2 - 1147*m + 13. What is h(-9)?
-113
Let o(c) = 3118*c + 6184. Determine o(-2).
-52
Let t(f) = -f**3 + 55*f**2 - 573*f + 16982. What is t(50)?
832
Let f(y) = -y**2 - 1014*y + 460360. Give f(340).
0
Let x(c) = -35*c**3 - 510*c**2 + 1063*c - 3. Calculate x(2).
-197
Let a(n) = -573059*n - 34383546. Give a(-60).
-6
Let b(p) = p**3 - 41*p**2 + 237*p + 254. Give b(35).
1199
Let q(h) = -4057*h - 2507234. Give q(-618).
-8
Let i(s) = -352*s - 178103. Calculate i(-506).
9
Let k(t) = -503174*t - 9560333. What is k(-19)?
-27
Let r(x) = -4983*x - 275. Determine r(0).
-275
Let g(d) = -12*d**3 + 129*d**2 + 71*d - 707. Determine g(11).
-289
Let m(w) = 1422*w + 483490. What is m(-340)?
10
Let a(x) = 5063*x + 329085. Give a(-65).
-10
Let u(p) = -p**3 - 29*p**2 + 214*p + 6596. Give u(-27).
-640
Let f(c) = 5*c**2 + 2993*c + 27081. What is f(-9)?
549
Let h(v) = 26*v**2 - 9177*v - 424. What is h(353)?
-71
Let w(n) = 2*n**3 - 116*n**2 - 1014*n + 52840. Calculate w(59).
-24
Let h(o) = o**3 + 447*o**2 - 2685*o + 14925. What is h(-453)?
-24
Let w(q) = -2900*q - 45. Give w(0).
-45
Let v(a) = -a**2 - 74*a + 976. Calculate v(15).
-359
Let w(i) = -40